{"id":888,"date":"2026-04-15T14:54:40","date_gmt":"2026-04-15T12:54:40","guid":{"rendered":"http:\/\/megastock.com.pl\/?post_type=product&#038;p=888"},"modified":"2026-04-13T15:41:02","modified_gmt":"2026-04-13T13:41:02","slug":"odziez-premium-hurt-pakiety-marek-premium-guess-calvin-klein","status":"publish","type":"product","link":"http:\/\/megastock.com.pl\/?product=odziez-premium-hurt-pakiety-marek-premium-guess-calvin-klein","title":{"rendered":"Odziez premium Hurt Pakiety Marek Premium ubrania  guess calvin klein"},"content":{"rendered":"<h2 class=\"h5\">Odziez premium Hurt Pakiety Marek Premium guess calvin klein &#8211;<\/h2>\n<h2 class=\"h5\">opis<\/h2>\n<p>Witam dostawa Odziez \u015awiatowe marki. Bluzki, sukienki, swetry, sp\u00f3dnice, spodnie, koszule, p\u0142aszcze, kurtki itd. Marki takie jak: tommy hilfinger,Michael kors,hugo boss,calvin klein ,vila, vero moda,Brooklyn,esprit,s.oliver,masacara,Little , lagerfeld,wiele innych Marek okola 900 marki<br \/>\nCena za kg<br \/>\nMinimum 1 palet paleta 180-190 kg<br \/>\nA-B-C ware<br \/>\n&gt; towar jest defekt lub u\u017cywane<br \/>\n&gt;Towar jest nowy z metkami<br \/>\n&gt;Towar jest wiosna i zima lato<br \/>\nWra\u017ce szczeg\u00f3lnie informacja prosze o kontakt<br \/>\nA-B-C ware mix ware<\/p>\n<p>1+1<\/p>\n<p>a Ware paleta 1 paleta<\/p>\n<p>ABC Ware 1 paleta<\/p>\n","protected":false},"excerpt":{"rendered":"<h1 class=\"h3 title-item-detail\">Odziez premium Hurt Pakiety Marek Premium guess calvin klein.outletowa<\/h1>\n<p>za kg 65 z\u0142 netto<\/p>\n<p>paleta 190-200 kg.<\/p>\n<p>11.500 z\u0142 netto<\/p>\n<p>#premiummarkiodziez<\/p>\n<p>#premiummarkitextil<\/p>\n<p>#cwaretextil<\/p>\n<p>#bwaretextil<\/p>\n<p>#secondhandtextil<\/p>\n<p>#cwareobuwie<\/p>\n<p>#bwareobuwie<\/p>\n<p>#cwarebuty<\/p>\n<p>#bwarebuty<\/p>\n<p>#markowetorebki<\/p>\n<p>#markowezegarek<\/p>\n<p>#markoweaaksesoria<\/p>\n<p>#markowe<\/p>\n<p>#outletowa<\/p>\n<p>#stok<\/p>\n<p>#stock<\/p>\n<p>#hurtownia<\/p>\n<p><strong>MINIMUM ZAMOWENIA 1 PALETA 170-180 KG podane cena netto za kg\u00a0<\/strong><\/p>\n","protected":false},"featured_media":889,"comment_status":"open","ping_status":"closed","template":"","meta":{"rank_math_lock_modified_date":false},"product_cat":[34],"product_tag":[],"class_list":{"0":"post-888","1":"product","2":"type-product","3":"status-publish","4":"has-post-thumbnail","6":"product_cat-odziez","8":"first","9":"instock","10":"sale","11":"shipping-taxable","12":"purchasable","13":"product-type-simple"},"jetpack_sharing_enabled":true,"_links":{"self":[{"href":"http:\/\/megastock.com.pl\/index.php?rest_route=\/wp\/v2\/product\/888","targetHints":{"allow":["GET"]}}],"collection":[{"href":"http:\/\/megastock.com.pl\/index.php?rest_route=\/wp\/v2\/product"}],"about":[{"href":"http:\/\/megastock.com.pl\/index.php?rest_route=\/wp\/v2\/types\/product"}],"replies":[{"embeddable":true,"href":"http:\/\/megastock.com.pl\/index.php?rest_route=%2Fwp%2Fv2%2Fcomments&post=888"}],"wp:featuredmedia":[{"embeddable":true,"href":"http:\/\/megastock.com.pl\/index.php?rest_route=\/wp\/v2\/media\/889"}],"wp:attachment":[{"href":"http:\/\/megastock.com.pl\/index.php?rest_route=%2Fwp%2Fv2%2Fmedia&parent=888"}],"wp:term":[{"taxonomy":"product_cat","embeddable":true,"href":"http:\/\/megastock.com.pl\/index.php?rest_route=%2Fwp%2Fv2%2Fproduct_cat&post=888"},{"taxonomy":"product_tag","embeddable":true,"href":"http:\/\/megastock.com.pl\/index.php?rest_route=%2Fwp%2Fv2%2Fproduct_tag&post=888"}],"curies":[{"name":"wp","href":"https:\/\/api.w.org\/{rel}","templated":true}]}}