{"id":724,"date":"2026-04-20T15:19:09","date_gmt":"2026-04-20T13:19:09","guid":{"rendered":"http:\/\/megastock.com.pl\/?post_type=product&#038;p=724"},"modified":"2026-04-13T15:45:44","modified_gmt":"2026-04-13T13:45:44","slug":"mix-paleta-home-elektro-a-b-c-ware","status":"publish","type":"product","link":"http:\/\/megastock.com.pl\/?product=mix-paleta-home-elektro-a-b-c-ware","title":{"rendered":"mix paleta home elektro A B C ware"},"content":{"rendered":"<p>Modele z bie\u017c\u0105cych i poprzednich sezon\u00f3w.2021-2023<\/p>\n<p>Produkty posiadaj\u0105 widoczne defekty (uszkodzenia, pop\u0119kania, zbicia, \u015blady u\u017cytkowania, przybrudzenia) lub mog\u0105 by\u0107 niekompletne.<\/p>\n<p>W palecie mog\u0105 znajdowa\u0107 si\u0119: lampy stoj\u0105ce, s\u0142uchawki, roboty kuchenne, odkurzacze, maszynki do golenia, zegary, lok\u00f3wki, suszarki, lampy ogrodowe, \u017cyrandole\/kienkiety,mirofalowki,blendery,sokowirowki,tostery, itp.<\/p>\n<p>minimum 1 paleta od 30-200 szt<\/p>\n<p>cena netto<\/p>\n<p>50 z\u0142 za szt<\/p>\n","protected":false},"excerpt":{"rendered":"<p>Artyku\u0142y gospodarstwa domowego elektro , w <strong>kategorii jako\u015bciowej A B C<\/strong>, pochodz\u0105ce bezpo\u015brednio z jednej z najwi\u0119kszych platformy eCommerce.<\/p>\n<p>#cwaretextil<\/p>\n<p>#bwaretextil<\/p>\n<p>#secondhandtextil<\/p>\n<p>#cwareobuwie<\/p>\n<p>#bwareobuwie<\/p>\n<p>#cwarebuty<\/p>\n<p>#bwarebuty<\/p>\n<p>#markowetorebki<\/p>\n<p>#markowezegarek<\/p>\n<p>#markoweaaksesoria<\/p>\n<p>#markowe<\/p>\n<p>#outletowa<\/p>\n<p>#stok<\/p>\n<p>#stock<\/p>\n<p>#hurtownia<\/p>\n","protected":false},"featured_media":725,"comment_status":"open","ping_status":"closed","template":"","meta":{"rank_math_lock_modified_date":false},"product_cat":[36],"product_tag":[49,50],"class_list":{"0":"post-724","1":"product","2":"type-product","3":"status-publish","4":"has-post-thumbnail","6":"product_cat-dom","7":"product_tag-home-dekoracja-westing-domowe-hurtownia","8":"product_tag-homeelekro-zyrandol-lampy-rtv-agd","10":"first","11":"instock","12":"sale","13":"sold-individually","14":"shipping-taxable","15":"purchasable","16":"product-type-simple"},"jetpack_sharing_enabled":true,"_links":{"self":[{"href":"http:\/\/megastock.com.pl\/index.php?rest_route=\/wp\/v2\/product\/724","targetHints":{"allow":["GET"]}}],"collection":[{"href":"http:\/\/megastock.com.pl\/index.php?rest_route=\/wp\/v2\/product"}],"about":[{"href":"http:\/\/megastock.com.pl\/index.php?rest_route=\/wp\/v2\/types\/product"}],"replies":[{"embeddable":true,"href":"http:\/\/megastock.com.pl\/index.php?rest_route=%2Fwp%2Fv2%2Fcomments&post=724"}],"wp:featuredmedia":[{"embeddable":true,"href":"http:\/\/megastock.com.pl\/index.php?rest_route=\/wp\/v2\/media\/725"}],"wp:attachment":[{"href":"http:\/\/megastock.com.pl\/index.php?rest_route=%2Fwp%2Fv2%2Fmedia&parent=724"}],"wp:term":[{"taxonomy":"product_cat","embeddable":true,"href":"http:\/\/megastock.com.pl\/index.php?rest_route=%2Fwp%2Fv2%2Fproduct_cat&post=724"},{"taxonomy":"product_tag","embeddable":true,"href":"http:\/\/megastock.com.pl\/index.php?rest_route=%2Fwp%2Fv2%2Fproduct_tag&post=724"}],"curies":[{"name":"wp","href":"https:\/\/api.w.org\/{rel}","templated":true}]}}